?
18
Calculate the greatest common divisor of 64 and 2208.
32
What is the greatest common divisor of 1020 and 3111?
51
Calculate the greatest common divisor of 25779 and 39.
39
Calculate the greatest common factor of 64 and 232.
8
What is the highest common factor of 3 and 5721?
3
What is the highest common divisor of 36 and 1284?
12
Calculate the highest common divisor of 532 and 434.
14
Calculate the greatest common divisor of 126 and 25767.
63
What is the greatest common divisor of 427 and 183?
61
Calculate the greatest common factor of 417 and 3.
3
What is the greatest common factor of 4 and 124?
4
Calculate the greatest common divisor of 3355 and 165.
55
Calculate the greatest common divisor of 608 and 1064.
152
What is the greatest common factor of 459 and 2322?
27
What is the greatest common factor of 58 and 493?
29
Calculate the highest common divisor of 96 and 9.
3
Calculate the greatest common divisor of 183 and 2013.
183
What is the greatest common divisor of 6 and 2001?
3
What is the greatest common factor of 196 and 1568?
196
Calculate the highest common factor of 990 and 814.
22
What is the highest common factor of 1384 and 8?
8
What is the greatest common divisor of 352 and 2266?
22
What is the greatest common factor of 885 and 15?
15
What is the greatest common divisor of 1900 and 300?
100
What is the greatest common divisor of 54 and 675?
27
Calculate the greatest common divisor of 24 and 108.
12
What is the greatest common factor of 224 and 24?
8
Calculate the greatest common divisor of 16258 and 44.
22
What is the greatest common divisor of 5896 and 67?
67
Calculate the greatest common divisor of 19850 and 397.
397
What is the greatest common factor of 9088 and 2?
2
What is the greatest common divisor of 140 and 910?
70
What is the greatest common divisor of 1254 and 3696?
66
What is the greatest common factor of 32 and 73072?
16
Calculate the greatest common divisor of 3094 and 650.
26
Calculate the highest common factor of 25 and 100.
25
What is the highest common factor of 1397 and 11?
11
Calculate the highest common factor of 297 and 33.
33
What is the greatest common divisor of 28 and 1106?
14
What is the greatest common divisor of 49933 and 598?
299
What is the greatest common factor of 592 and 2516?
148
Calculate the highest common divisor of 8 and 72.
8
Calculate the greatest common factor of 378 and 108.
54
Calculate the greatest common divisor of 56 and 2016.
56
Calculate the greatest common divisor of 510 and 17085.
255
What is the greatest common factor of 4346 and 82?
82
Calculate the greatest common factor of 231 and 33.
33
Calculate the greatest common factor of 75 and 600.
75
Calculate the highest common factor of 5265 and 455.
65
Calculate the greatest common factor of 50258 and 26.
26
What is the highest common divisor of 333 and 162?
9
Calculate the greatest common divisor of 2537 and 1770.
59
Calculate the highest common factor of 1276 and 44.
44
What is the highest common factor of 21424 and 26?
26
What is the greatest common factor of 305 and 2074?
61
Calculate the greatest common factor of 745 and 6407.
149
What is the greatest common factor of 8838 and 18?
18
Calculate the greatest common factor of 8544 and 48.
48
What is the greatest common factor of 30 and 180?
30
Calculate the greatest common divisor of 350 and 42.
14
Calculate the greatest common divisor of 34 and 2278.
34
What is the highest common divisor of 253 and 46?
23
What is the greatest common divisor of 4 and 35?
1
Calculate the highest common divisor of 11675 and 225.
25
Calculate the highest common factor of 3 and 5.
1
What is the highest common factor of 5 and 125?
5
What is the highest common divisor of 32 and 488?
8
Calculate the highest common factor of 8125 and 26.
13
What is the greatest common factor of 21 and 3647?
7
What is the highest common divisor of 1770 and 15?
15
What is the highest common factor of 6 and 166?
2
Calculate the highest common factor of 306 and 68.
34
Calculate the greatest common divisor of 18109 and 13.
13
Calculate the greatest common factor of 17 and 833.
17
What is the greatest common divisor of 116 and 32?
4
Calculate the greatest common factor of 52 and 8.
4
What is the highest common factor of 63 and 18207?
63
Calculate the greatest common factor of 95 and 893.
19
Calculate the highest common divisor of 9195 and 30.
15
What is the greatest common divisor of 372 and 24?
12
Calculate the greatest common factor of 26 and 1508.
26
Calculate the greatest common factor of 100 and 1310.
10
What is the greatest common divisor of 8 and 7784?
8
Calculate the highest common divisor of 32 and 104.
8
Calculate the greatest common divisor of 2163 and 21.
21
Calculate the greatest common divisor of 902 and 44.
22
What is the greatest common factor of 800 and 1700?
100
What is the highest common factor of 1150 and 92?
46
What is the highest common factor of 69 and 141?
3
What is the greatest common factor of 3630 and 60?
30
What is the highest common factor of 12 and 60?
12
Calculate the greatest common divisor of 3956 and 2752.
172
What is the greatest common factor of 15 and 60?
15
What is the greatest common divisor of 88 and 748?
44
Calculate the greatest common factor of 10101 and 1365.
273
Calculate the greatest common factor of 19 and 3173.
19
What is the greatest common factor of 98 and 504?
14
What is the highest common factor of 207 and 253?
23
What is the greatest common divisor of 7 and 17899?
7
What is the greatest common factor of 21 and 77?
7
What is the greatest common factor of 8480 and 40?
40
Calculate the highest common factor of 39 and 429.
39
Calculate the highest common divisor of 1173 and 85.
17
Calculate the greatest common factor of 13 and 858.
13
What is the greatest common divisor of 15 and 6885?
15
What is the highest common divisor of 62 and 31?
31
Calculate the highest common factor of 1817 and 79.
79
What is the highest common divisor of 85 and 119?
17
Calculate the highest common divisor of 375 and 3.
3
Calculate the highest common factor of 231 and 66.
33
What is the greatest common divisor of 8 and 652?
4
Calculate the greatest common factor of 2013 and 2867.
61
What is the greatest common divisor of 68 and 3162?
34
What is the greatest common factor of 3223 and 22?
11
What is the greatest common factor of 999 and 36?
9
Calculate the highest common factor of 996 and 156.
12
Calculate the highest common divisor of 61 and 9211.
61
What is the greatest common divisor of 10452 and 1248?
156
What is the greatest common divisor of 324 and 216?
108
What is the greatest common divisor of 12 and 912?
12
What is the highest common factor of 2120 and 80?
40
Calculate the greatest common divisor of 136 and 8.
8
Calculate the highest common factor of 6 and 17454.
6
What is the greatest common factor of 2150 and 50?
50
What is the highest common divisor of 1 and 14?
1
Calculate the greatest common divisor of 31 and 4.
1
Calculate the greatest common divisor of 254 and 5207.
127
Calculate the highest common divisor of 25152 and 192.
192
What is the highest common factor of 1660 and 240?
20
What is the highest common factor of 3984 and 48?
48
Calculate the greatest common divisor of 8 and 27992.
8
What is the highest common divisor of 253 and 1081?
23
Calculate the highest common factor of 615 and 1599.
123
Calculate the highest common factor of 110 and 1595.
55
Calculate the greatest common factor of 156 and 3300.
12
What is the greatest common factor of 5040 and 224?
112
Calculate the highest common factor of 240 and 12.
12
What is the greatest common divisor of 79 and 7742?
79
Calculate the greatest common factor of 3713 and 47.
47
What is the greatest common factor of 231 and 11?
11
Calculate the greatest common divisor of 154 and 242.
22
What is the highest common divisor of 494 and 9633?
247
Calculate the greatest common factor of 7671 and 6.
3
Calculate the highest common factor of 9 and 729.
9
Calculate the highest common factor of 162 and 234.
18
Calculate the greatest common factor of 10207 and 519.
173
What is the highest common divisor of 81 and 90?
9
What is the greatest common divisor of 29185 and 13?
13
Calculate the greatest common divisor of 646 and 136.
34
What is the highes